13. Let s(j) = -1. Let m(z) = 2*c(z) - 14*s(z). Let a(f) = 5*f + 24. Suppose 0 = -v - 4*v + 15. Let r(n) = v*a(n) + 7*m(n). Give r(5).
-7
Let v(a) = a**2 + 4*a + 3. Let s(d) = 3*d + 33. Let k be s(-9). Let l be 37/(-7) - (-2)/7. Let y be 10*(k/l)/3. Determine v(y).
3
Let v be (39/(-12) - -1)*8. Let q be 8/(-36) - 40/v. Let f(k) = 0*k + 0 + 3*k - k - q. Give f(2).
2
Suppose -s - 4 = 2*d, -5*s - 8 - 12 = -5*d. Suppose -3*y - 9 = -5*u, y + 10 = -0*y + 4*u. Let a(x) = -6 + y*x - 1 - x. Calculate a(d).
-7
Let z be 3/(2 - 1)*-1. Let i be ((-1)/3)/(z/9). Let d(o) = 3 - 2 + 5*o + 0*o. Give d(i).
6
Let z = 2 + 4. Let s(y) be the third derivative of y**4/6 - 7*y**3/6 + 3*y**2. Calculate s(z).
17
Let i(s) = -s**3 + s - 7. Let f(h) = -8 + 0*h**2 - h**3 + 0*h**3 + 3*h**2 - 2*h**2. Let j(b) = -3*f(b) + 4*i(b). What is j(-4)?
-4
Let a be -23*(-1)/5 - 21/35. Let o(f) = 2*f. Determine o(a).
8
Let b = -2 - 2. Let r(s) = 9*s - 8. Let d(m) = 5*m - 4. Let z(x) = -7*d(x) + 4*r(x). What is z(b)?
-8
Let n = 3 - 1. Let i(g) = -2*g**3 + n + 2*g**2 + g - 5 + 2. Let a be (-1)/(9/6)*-3. Determine i(a).
-7
Let i(f) = -f**2 - 9*f - 1. Suppose 24*p - 22*p + 14 = 0. Give i(p).
13
Let r(p) = p**3 - 5*p**2 - 8*p + 2. Suppose 3*n = -4 + 22. What is r(n)?
-10
Let y(i) = 2*i**2 - 6 - i**2 - 4*i + i. Calculate y(6).
12
Let j(r) = 2*r**3 - 5*r**2 - 4*r - 9. Let p be -4 - 4/(2*-2). Let l(m) = -3*m**3 + 10*m**2 + 8*m + 17. Let c(s) = p*l(s) - 5*j(s). Give c(-4).
-6
Suppose -2*k = k - w - 37, 2*k - 4*w - 38 = 0. Let m(y) = -y**3 + 11*y**2 + y - 6. Let s be m(k). Let u(l) = -1 - 3 - 2 + l + s. Calculate u(-3).
-4
Let v be 38/(-12) + 5/30. Suppose 0 = g - 4 - 1. Let o(a) = -3*a - a**2 - g - a + 4. Calculate o(v).
2
Let i(q) be the third derivative of -q**8/10080 - q**7/5040 + q**6/720 - q**5/15 - 2*q**2. Let l(y) be the third derivative of i(y). Give l(2).
-9
Let c(o) = o**3 - 2*o**2 - 2*o + 3. Let n(x) = x**2 - x + 1. Let w(b) = -c(b) + 2*n(b). Suppose 3*g - 2*f = 14, 2*f - 6 + 12 = g. Give w(g).
-1
Suppose v + 7 = 5*v - z, -z = -v - 2. Let i(t) = -5*t + v*t + 3*t - 2. Let h = -5 - -10. Calculate i(h).
3
Let d(y) = y**2 + 4*y + 3. Let v(h) = -h + 0*h - 1 - h**3 + 4*h. Let k be v(2). What is d(k)?
0
Let f(d) be the third derivative of -d**8/6720 - d**7/420 - d**6/120 + d**5/30 - d**4/8 - 3*d**2. Let u(t) be the second derivative of f(t). What is u(-5)?
9
Let t be ((-16)/(-12))/(2/18). Suppose -s = -2*y - 3*s + t, y - 2*s + 6 = 0. Let i(k) = -k**3 + k**2 + k. Give i(y).
-2
Let x(o) = -5*o - 5. Let s(v) = -6*v - 5. Let g(j) = 3*s(j) - 4*x(j). Determine g(4).
13
Let u = -6 - -5. Let m(c) = -16*c**3 - c. Give m(u).
17
Let a = -15 + 9. Let h(r) = r**3 + 5*r**2 - 7*r - 4. What is h(a)?
2
Let f be (-26)/(-8) - (-4)/(-16). Suppose f*v + 12 = -v. Let p(q) = -q**2 + 2*q + 2. Let r(y) = y**2 - y - 2. Let x(n) = -2*p(n) - 3*r(n). What is x(v)?
-4
Let h = -1 - -7. Let j(b) be the second derivative of b**3/3 - 3*b**2 + b. Calculate j(h).
6
Suppose 5*n - 5*d = -0*d + 25, 0 = -4*n - 4*d + 12. Suppose -6 = n*k - 2. Let h(j) = -6*j**2 - j. Give h(k).
-5
Let p(h) = -h + 4. Let c be -1*4/(-8)*8. Let w(m) = -m**3 + 6*m**2 - 6*m. Let q be w(c). Give p(q).
-4
Let x(j) = 2*j**3 + 3*j**2 - 4*j - 1. Let g(v) = v**3 + 6*v**2 + 5*v - 2. Let h be g(-5). Let z = -5 - h. Give x(z).
-16
Suppose j + 6 = 2*j. Let s(u) = 0 - 6*u + u**3 - 12*u**2 + 18*u**2 + 6 - 11*u**2 + 2. Calculate s(j).
8
Let b(n) = n**2 + 5*n + 3. Let o = -12 + 5. Let v = o + 4. What is b(v)?
-3
Let o(m) = 2*m - 5 + m**3 - 5*m**2 + 3*m + 0*m**3. Let t(f) = f**2 + f - 1. Let j be t(-3). Suppose -j*h + 0*z = -5*z - 40, 4*h - 3*z = 28. Calculate o(h).
-1
Let j(r) = 5*r**2 - 3*r + 2. Let n(s) = -4*s**2 + 4*s - 3. Let i(z) = -3*j(z) - 4*n(z). Give i(7).
6
Let t(i) = -4*i**2 + 8*i - 6. Let b(h) = -4*h**2 + 7*h - 5. Let s(f) = 7*b(f) - 6*t(f). What is s(2)?
-13
Let z = 66 + -70. Let l(x) = -x**2 + 2*x + 6. Give l(z).
-18
Let c(y) = -y - 1. Let x be (-9)/6*((-8)/3 + 2). Determine c(x).
-2
Let b(t) = 2*t - 1. Let g = 21 - 18. What is b(g)?
5
Suppose 4*n - 3 - 5 = 0. Let u(r) = -5*r - 2*r**3 - 1 - r**n + 3*r**3 + 4*r. Suppose 0*k + k = 0. Calculate u(k).
-1
Let k(t) = 5*t**3 + t**2 - 19 + 30 - 4*t**3. Determine k(0).
11
Let u(m) = 2*m + 28. Let k(i) = -i - 14. Let v(f) = 13*k(f) + 6*u(f). Calculate v(0).
-14
Suppose -1 = l - 5. Suppose -6*p = l*b - 3*p + 2, -2*p = 5*b + 6. Let q be 3*2*b/(-6). Let g(n) = 3*n + 1. Give g(q).
7
Let v = 10 - 12. Let i(g) = g - 3 + 1 + g. Give i(v).
-6
Let r(d) be the second derivative of d**4/4 - d**2/2 - 3*d. Let i(t) be the first derivative of r(t). Give i(1).
6
Let q(h) = -h**3 + h**2. Let n(y) = -4*y**3 - 4*y**2 - y - 8. Let r(x) = -n(x) + 3*q(x). Let k be r(-7). Let a(u) = u + 1. Determine a(k).
2
Let f(q) be the second derivative of -q**5/20 + q**4/12 + q**3/2 - q**2/2 + 5*q. Suppose 0 = -7*w + 3*w + 5*g + 33, -w - 2*g = 8. Give f(w).
1
Let s be (3*-1)/(1/(-1)). Let j(v) = -v**3 + 0 + 2*v - 2*v + s + v**2. What is j(0)?
3
Let s(i) be the second derivative of -3*i**3/2 - i**2/2 + i. Let c(k) = 1. Let b = 2 - 3. Let x(h) = b*s(h) - 2*c(h). Give x(-1).
-10
Let i be 2 + (2 - 2) + 0. Let w(o) = -2*o**2 + i*o**3 - 3*o**3 + 0*o**2 - 3*o - 2 + 2*o. Determine w(-2).
0
Let k be (6/(-4))/((-6)/8). Let r = k + -3. Let w(h) be the first derivative of h**2 - h - 10. What is w(r)?
-3
Let u be 13 - (-5 + 3) - -2. Let c(p) = -p**3 + 6*p**2 - p - 4. Let t(q) = -3*q**3 + 18*q**2 - 3*q - 11. Let w(f) = u*c(f) - 6*t(f). Determine w(6).
4
Let b(f) be the first derivative of -f**3/3 - 2*f**2 - 11. Give b(-5).
-5
Let n(i) = i**2 + i**2 + 3*i - i**2 + 3*i. What is n(-6)?
0
Let l = 5 - 10. Let j(i) be the second derivative of i**4/12 + 7*i**3/6 + 7*i**2/2 - 73*i. Calculate j(l).
-3
Let l(u) = u**2 + u + 1. Let h(p) = 6*p**2 + 3*p. Let q(y) = -h(y) + 5*l(y). Let c = -7 - -12. Determine q(c).
-10
Let s(h) = 2*h. Let g(b) be the second derivative of b**3/2 - b. Let c(q) = -3*g(q) + 4*s(q). Determine c(4).
-4
Let w(z) be the second derivative of -z**3 + 0 + z - 3/2*z**2 - 1/12*z**4. Give w(-5).
2
Let w(t) = -t**2 + 2*t + 19. Let u be w(-3). Let a(l) = -l**3 + 5*l**2 - 3*l - 4. Determine a(u).
0
Let k(v) = v**2 + 7*v + 5. Let f(l) = -l**2 - 5*l - 3. Let y(n) = -7*f(n) - 5*k(n). Calculate y(3).
14
Suppose -3*p + 4*r = 7, -2*p = -4*p + r - 8. Let v = 4 + 4. Let l(b) = -b + 8 - v. Calculate l(p).
5
Suppose 4*m - 9 - 7 = 0. Let w(j) = -2*j + 2. Give w(m).
-6
Let w(z) = 5*z**3 - 3*z**2 - 4*z + 2. Let k(y) = -11*y**3 + 5*y**2 + 9*y - 5. Let n(i) = -4*k(i) - 9*w(i). Give n(7).
2
Suppose 2 = 3*j - 5*v, j + v = 11 + 3. Let c = j - 8. Let s(n) = 6*n**2 - n + 1. Calculate s(c).
6
Let u(y) be the third derivative of -y**4/24 - y**3/6 + 6*y**2. Determine u(0).
-1
Suppose -2*s + 0*s = -2*d - 2, -4*s + d = 2. Let o(w) = -w**3 + 7*w**2 + 10*w - 5. Let l be o(8). Let q(f) = -l - f + 11. What is q(s)?
1
Let c(i) = 2*i**2 + 13*i + 12. Let z be c(-5). Let r(a) = 3*a + 1. Determine r(z).
-8
Suppose -2*p - 3*p - 5*m = 20, 4 = -5*p - m. Let z(n) = n + 3. Let o be z(p). Let i(u) = 3*u + 2. What is i(o)?
11
Let f(x) = x**3 + x + 1. Suppose -7*b + 2*b = -300. Suppose b = 5*c - c. Suppose g + 6 = -v + 3*v, -5*v + c = -5*g. Determine f(g).
1
Let j(s) = s + 8. Suppose 0 = 6*l - 2*l + 24. Let d be j(l). Let y(g) = 2*g - 3*g + 2*g**2 - 6*g**d. What is y(-1)?
-3
Let q(i) = 3*i - 1. Let d(n) = -n + 4. Let v = -5 - -12. Let a be d(v). What is q(a)?
-10
Let b(l) be the third derivative of -l**6/120 + l**5/15 + l**4/12 - 2*l**3/3 - 36*l**2. Give b(5).
-19
Let j(y) = -9*y - 2*y + 10*y - 10. Give j(-6).
-4
Let h(u) = u**2 + 4. Let g(a) = -2*a**2 + a - 4. Let k(t) = 2*g(t) + 3*h(t). Suppose -4*y - 20 = -0*v - 4*v, 2 = 2*y. Let f be (-2)/(3/v*-1). Determine k(f).
-4
Let t(n) be the first derivative of -4*n**3/3 + 2*n**2 - 3*n - 8. Let f(h) = -h**3 + h**2 + h. Let g(s) = -f(s) + t(s). Give g(4).
-7
Let x(q) = q + 1 - q + 2*q. Suppose -57 = 12*u - 31*u. What is x(u)?
7
Let r be (32/(-8))/(1 - 3). Let b(n) = -n**3 - 2*n**2 + 3*n. What is b(r)?
-10
Let x(b) be the third derivative of b**6/720 - b**5/60 - b**4/8 - 2*b**2. Let o(f) be the second derivative of x(f). Determine o(-3).
-5
Suppose 0 = 3*y - 5*y. Suppose -1 = -y*q + q. Let s(k) = 6*k**3 - 1. Calculate s(q).
-7
Let g(t) = -t**2 + 2*t +